17, 6571
List the prime factors of 108213.
3, 7, 5153
What are the prime factors of 6974?
2, 11, 317
What are the prime factors of 235?
5, 47
List the prime factors of 56314.
2, 37, 761
List the prime factors of 5090.
2, 5, 509
List the prime factors of 65370.
2, 3, 5, 2179
List the prime factors of 22938.
2, 3, 3823
What are the prime factors of 4565?
5, 11, 83
What are the prime factors of 495?
3, 5, 11
What are the prime factors of 12045?
3, 5, 11, 73
What are the prime factors of 12987?
3, 13, 37
List the prime factors of 1629.
3, 181
List the prime factors of 37350.
2, 3, 5, 83
List the prime factors of 1248.
2, 3, 13
What are the prime factors of 1492?
2, 373
List the prime factors of 8463.
3, 7, 13, 31
List the prime factors of 3899.
7, 557
List the prime factors of 7286.
2, 3643
What are the prime factors of 1210?
2, 5, 11
What are the prime factors of 982?
2, 491
List the prime factors of 967.
967
List the prime factors of 24452.
2, 6113
What are the prime factors of 1357?
23, 59
What are the prime factors of 80?
2, 5
List the prime factors of 234.
2, 3, 13
What are the prime factors of 7089?
3, 17, 139
What are the prime factors of 13505?
5, 37, 73
List the prime factors of 17206.
2, 7, 1229
What are the prime factors of 501?
3, 167
What are the prime factors of 1095?
3, 5, 73
What are the prime factors of 33787?
13, 23, 113
List the prime factors of 33015.
3, 5, 31, 71
List the prime factors of 161081.
79, 2039
List the prime factors of 4070.
2, 5, 11, 37
List the prime factors of 78683.
11, 23, 311
What are the prime factors of 16332?
2, 3, 1361
What are the prime factors of 2497?
11, 227
What are the prime factors of 235?
5, 47
List the prime factors of 69375.
3, 5, 37
List the prime factors of 32261.
32261
What are the prime factors of 72189?
3, 13, 617
What are the prime factors of 4230?
2, 3, 5, 47
List the prime factors of 136222.
2, 68111
What are the prime factors of 17217?
3, 1913
List the prime factors of 15753.
3, 59, 89
What are the prime factors of 56631?
3, 43, 439
What are the prime factors of 770?
2, 5, 7, 11
What are the prime factors of 10273?
10273
What are the prime factors of 5151?
3, 17, 101
What are the prime factors of 156?
2, 3, 13
List the prime factors of 23238.
2, 3, 1291
What are the prime factors of 65822?
2, 32911
What are the prime factors of 2300?
2, 5, 23
List the prime factors of 773.
773
What are the prime factors of 425?
5, 17
What are the prime factors of 38974?
2, 13, 1499
What are the prime factors of 5021?
5021
What are the prime factors of 20752?
2, 1297
What are the prime factors of 77677?
173, 449
List the prime factors of 79882.
2, 11, 3631
List the prime factors of 1913.
1913
List the prime factors of 2924.
2, 17, 43
What are the prime factors of 71452?
2, 17863
List the prime factors of 51821.
7, 11, 673
List the prime factors of 1477.
7, 211
What are the prime factors of 508?
2, 127
List the prime factors of 146226.
2, 3, 24371
What are the prime factors of 151493?
197, 769
List the prime factors of 1010.
2, 5, 101
List the prime factors of 308.
2, 7, 11
List the prime factors of 36209.
36209
List the prime factors of 70668.
2, 3, 13, 151
List the prime factors of 18494.
2, 7, 1321
List the prime factors of 11985.
3, 5, 17, 47
What are the prime factors of 48?
2, 3
What are the prime factors of 24041?
29, 829
List the prime factors of 3821.
3821
List the prime factors of 9496.
2, 1187
List the prime factors of 730.
2, 5, 73
List the prime factors of 4092.
2, 3, 11, 31
List the prime factors of 1132.
2, 283
What are the prime factors of 1224?
2, 3, 17
What are the prime factors of 1565?
5, 313
What are the prime factors of 3857?
7, 19, 29
What are the prime factors of 90898?
2, 47, 967
What are the prime factors of 83648?
2, 1307
What are the prime factors of 28044?
2, 3, 19, 41
List the prime factors of 744.
2, 3, 31
What are the prime factors of 3879?
3, 431
List the prime factors of 5056.
2, 79
What are the prime factors of 443?
443
List the prime factors of 8764.
2, 7, 313
List the prime factors of 3275.
5, 131
What are the prime factors of 56080?
2, 5, 701
What are the prime factors of 6647?
17, 23
What are the prime factors of 1629?
3, 181
What are the prime factors of 867?
3, 17
List the prime factors of 818.
2, 409
What are the prime factors of 926?
2, 463
What are the prime factors of 3769?
3769
List the prime factors of 38580.
2, 3, 5, 643
What are the prime factors of 16209?
3, 1801
List the prime factors of 2723.
7, 389
What are the prime factors of 2719?
2719
What are the prime factors of 61835?
5, 83, 149
What are the prime factors of 114502?
2, 57251
List the prime factors of 4475.
5, 179
List the prime factors of 23824.
2, 1489
List the prime factors of 48266.
2, 24133
What are the prime factors of 433?
433
What are the prime factors of 2989?
7, 61
What are the prime factors of 149598?
2, 3, 8311
What are the prime factors of 100442?
2, 50221
List the prime factors of 1718.
2, 859
What are the prime factors of 37000?
2, 5, 37
List the prime factors of 1104.
2, 3, 23
List the prime factors of 1710.
2, 3, 5, 19
List the prime factors of 10162.
2, 5081
List the prime factors of 3064.
2, 383
List the prime factors of 1182.
2, 3, 197
List the prime factors of 800.
2, 5
List the prime factors of 32837.
7, 4691
List the prime factors of 1726.
2, 863
List the prime factors of 838.
2, 419
List the prime factors of 10329.
3, 11, 313
What are the prime factors of 304?
2, 19
What are the prime factors of 17900?
2, 5, 179
List the prime factors of 3673.
3673
List the prime factors of 149.
149
What are the prime factors of 1955?
5, 17, 23
What are the prime factors of 710?
2, 5, 71
List the prime factors of 6768.
2, 3, 47
List the prime factors of 64703.
89, 727
What are the prime factors of 5632?
2, 11
What are the prime factors of 1313?
13, 101
List the prime factors of 29561.
7, 41, 103
List the prime factors of 2183.
37, 59
What are the prime factors of 45092?
2, 11273
What are the prime factors of 18357?
3, 29, 211
What are the prime factors of 4799?
4799
List the prime factors of 867.
3, 17
List the prime factors of 1850.
2, 5, 37
List the prime factors of 9798.
2, 3, 23, 71
List the prime factors of 14808.
2, 3, 617
What are the prime factors of 9072?
2, 3, 7
What are the prime factors of 1359?
3, 151
What are the prime factors of 19590?
2, 3, 5, 653
What are the prime factors of 50691?
3, 61, 277
List the prime factors of 7746.
2, 3, 1291
List the prime factors of 140917.
7, 41, 491
What are the prime factors of 1525?
5, 61
What are the prime factors of 9311?
9311
List the prime factors of 5710.
2, 5, 571
List the prime factors of 5231.
5231
What are the prime factors of 54934?
2, 11, 227
List the prime factors of 37217.
37217
List the prime factors of 26932.
2, 6733
List the prime factors of 1708.
2, 7, 61
What are the prime factors of 1150?
2, 5, 23
List the prime factors of 44720.
2, 5, 13, 43
What are the prime factors of 18171?
3, 673
What are the prime factors of 113769?
3, 12641
List the prime factors of 7152.
2, 3, 149
What are the prime factors of 67117?
41, 1637
What are the prime factors of 6750?
2, 3, 5
List the prime factors of 113811.
3, 59, 643
What are the prime factors of 791?
7, 113
What are the prime factors of 1119?
3, 373
What are the prime factors of 19977?
3, 6659
What are the prime factors of 44718?
2, 3, 29, 257
What are the prime factors of 1731?
3, 577
List the prime factors of 7506.
2, 3, 139
What are the prime factors of 14304?
2, 3, 149
List the prime factors of 57731.
57731
List the prime factors of 1004.
2, 251
List the prime factors of 25972.
2, 43, 151
List the prime factors of 95.
5, 19
List the prime factors of 1180.
2, 5, 59
What are the prime factors of 1830?
2, 3, 5, 61
What are the prime factors of 1018?
2, 509
What are the prime factors of 1645?
5, 7, 47
List the prime factors of 60594.
2, 3, 10099
List the prime factors of 8817.
3, 2939
List the prime factors of 20503.
7, 29, 101
List the prime factors of 508.
2, 127
List the prime factors of 342.
2, 3, 19
List the prime factors of 3034.
2, 37, 41
What are the prime factors of 1002?
2, 3, 167
List the prime factors of 6406.
2, 3203
List the prime factors of 73466.
2, 109, 337
List